20 = 0, 4*x - 13 = 3. What is the remainder when 114/o + (-3)/(-6) is divided by 8?
5
Let o(j) = j**2 - 7*j - 2. Let p be o(7). Let i be -1 + -1 - p/(-2). Let x = 0 - i. What is the remainder when 5 is divided by x?
2
Suppose -5*g = -5*r - 50, -2*g + 3*r + 56 = 3*g. Let m(q) = -q**2 + 10*q - 1. What is the remainder when m(6) is divided by g?
10
What is the remainder when (1/(-2))/((-2)/28) is divided by (-3 - -1)/(-2)*3?
1
Suppose y - 2*y + 3 = 0. Suppose y*f - 315 = -2*f. Calculate the remainder when f is divided by 3 - (30/(-4 - -2) - -2).
15
Suppose 0 = 2*r - 4, 2*r + 1300 = 5*p - 1426. Let g be 2/(-3) - p/(-9). Suppose 2*d = -2*d + g. What is the remainder when d is divided by 8?
7
Suppose -4*m + 8 = 0, 0*m - 19 = -3*a + m. What is the remainder when 3 is divided by 7 - a - -2*1?
1
Let t = -18 + 13. Let s be (-2)/5 - (-28)/t. Calculate the remainder when 8 is divided by -1 + -1 - (s + 1).
2
Let c be (0 - 2) + (3 - 1). Suppose b + 15 = t, c = -2*t + 4*b + b + 18. What is the remainder when 61 is divided by 2 - t*1/(-1)?
19
Suppose -56 = -2*s - 2*o, 0 = -5*s + o + o + 126. Let y(m) = -m**2 + 2. Let g be y(3). Let k = g + s. What is the remainder when k is divided by 7?
5
Let q be (-2)/(-7) - 1382/(-14). Let h = -56 + q. Let z = -19 - -34. What is the remainder when h is divided by z?
13
Suppose -3*t = 4*c - 55, 8 + 7 = -c + 5*t. Calculate the remainder when 29 is divided by c.
9
Let d(n) = 5*n + 4. Calculate the remainder when 34 is divided by d(2).
6
Suppose t + 4*r + 15 = 0, 5*t - 35 = -r + 3*r. What is the remainder when 9 is divided by t?
4
Let b be -3 - -2 - (-22 - 0). Suppose 19 = -n - 5*h, 4*h = -4*n - 7 - b. What is the remainder when n/4 - 1*-2 is divided by 1?
0
Let f = -13 + 23. Calculate the remainder when (-3 - 36/(-8))*(-114)/(-9) is divided by f.
9
Let y be 1/(-2)*(-8 + 0). Suppose w - f + 0*f - 27 = 0, 0 = 3*w - y*f - 76. Calculate the remainder when 93 is divided by w.
29
Suppose 4*g = v + 1, -2*v - g + 0 = -7. Suppose v*y - 26 = 4. What is the remainder when 28 is divided by y?
8
Let z(a) = a**3 - 3*a**2 - 3*a. Let p be z(4). Suppose -p*l + 93 + 125 = -5*w, 5*w + 227 = l. What is the remainder when -8*(-1)/((-8)/w) is divided by 16?
14
Let u(i) = -i**3 + 12*i**2 - 9*i + 4. Let q be u(8). Suppose 5*c - 4*l = c + q, 23 = c + 5*l. Let b = 29 + -14. Calculate the remainder when c is divided by b.
13
Let o(m) = 1 + 8*m - 11*m + m + 5*m**2. Suppose -3 = -0*l - 3*l. What is the remainder when 14 is divided by o(l)?
2
Suppose -3*h + 2 = -2*h. Calculate the remainder when 6 is divided by h.
0
Let j = 13 + -3. Suppose 2*f = j, -17 = -2*n - 2*f + 3. What is the remainder when n is divided by 6 + (-3 - 1/(-1))?
1
Suppose -36 = 15*w - 18*w. Calculate the remainder when w is divided by 2.
0
Let s = 12 - 15. Let k(t) = t**2 - t - 2. Calculate the remainder when 27 is divided by k(s).
7
What is the remainder when 9 is divided by (-23)/(-6) - 3/(-18)?
1
Let u(z) = -35*z + 5. What is the remainder when u(-2) is divided by 26?
23
Calculate the remainder when (-4)/((15/(-10))/(78/8)) is divided by 9.
8
Let d = -31 + 35. Calculate the remainder when d is divided by 4.
0
Let v(r) = 2*r**2 + 2*r - 1. Let j = -8 + 10. Suppose -5*b + 97 = -3*x, -x + 99 = 5*b - j*x. Calculate the remainder when v(-6) is divided by b.
19
Suppose q - 3*x = 4, -2*x = -2*q - 4 - 8. Let h = q - -18. Suppose -3*s - 28 = -h*s. Calculate the remainder when 12 is divided by s.
5
Suppose 1 - 16 = 3*y, 3*k - y = 80. What is the remainder when k is divided by 4?
1
Let u = 8 - 8. Suppose 0 = -u*h - 2*h + 76. What is the remainder when h is divided by 13?
12
Let m = -4 + 6. Let t(i) = 4*i**2 + 2*i. Calculate the remainder when (-193)/(-5) - 4/(-10) is divided by t(m).
19
Suppose -4*m = 4*f - 9 + 1, 3*f = 4*m - 8. Suppose 3*c + 1 = -q - 0*q, m*q = -5*c - 1. Let s(z) = -z + 6. Calculate the remainder when s(4) is divided by q.
0
Let g = 66 + -35. Let f(d) = -4*d - 4*d - 3*d. What is the remainder when g is divided by f(-1)?
9
Suppose -4*s - s = -4*m - 15, 15 = 3*m. Calculate the remainder when 32 is divided by (0 - -1) + s + 3.
10
Let r(k) = -k**3 - 6*k**2 - 5*k + 4. Let c be r(-5). Suppose f = c*f - 45. Let v = -133 + 191. Calculate the remainder when v is divided by f.
13
Let u(j) = -8*j + 3. What is the remainder when u(-9) is divided by 39?
36
Suppose v - 30 = -2*v. Let b = v + -8. Calculate the remainder when b is divided by 1.
0
Suppose -4*c - c + 172 = n, -180 = -n + 3*c. Calculate the remainder when n is divided by 45.
42
Let g = 235 - 15. Suppose -4*w + 4*t + 420 = 0, -4*w + 6*w + 3*t - g = 0. Suppose -125 = -4*y + w. What is the remainder when y is divided by 20?
18
Suppose -3*b + 4*p + 34 = 0, -3*b - 4*p + 78 = 2*b. Calculate the remainder when 670/25 - (-2)/10 is divided by 2 + b + (-1 - 1).
13
Let w(g) = -2*g**2 + 1. Suppose 4 = l + 3*l. Let z be w(l). What is the remainder when 54 + (z - (0 - -1)) is divided by 18?
16
Let a = 29 - 16. Calculate the remainder when a is divided by (2/(-2))/(1/(-4)).
1
Suppose 4 = -4*v - 2*t, 3*t - 20 = -2*t. Let f(s) = -s**2 + 6*s + 1. Let x be f(5). Let c = v + x. Calculate the remainder when 8 is divided by c.
2
Let z = 26 - 46. What is the remainder when 22 is divided by (z + 12)/(-2 + 1)?
6
Let d(m) = m**3 + 5*m**2 + 2*m - 5. Let v be d(-4). Suppose -v*a = -21 - 18. What is the remainder when (-4)/(-2 - 22/(-12)) is divided by a?
11
Suppose 11 = c + 4. Suppose 0 = -3*s + 6*s - 15. Suppose -a + s*r + 9 = 0, -r - 8 = -4*a + 9. What is the remainder when c is divided by a?
3
Suppose -3*v + 21 - 1 = 5*n, -8 = -2*n - 5*v. Let h be (-2)/(46/(-42) - -1). Suppose 5*w - n = h. What is the remainder when w is divided by 2?
1
Let m(f) = -f**2 - 2*f + 3. Let b be m(-3). Suppose 0 = 3*y - 5*s - 45, 4*s = -b*y + y - 22. Calculate the remainder when 27 is divided by y.
7
Let t(w) = -w**3 + 8*w**2 + 11*w + 1. Calculate the remainder when t(9) is divided by 40/(-12)*3*-1.
9
Suppose -5*v = 2*j - 6, -3*j + 2*v + 13 = -34. Let p(z) = -z + 3. Let c be p(5). Let w = j + c. What is the remainder when 20 is divided by w?
9
Calculate the remainder when ((-2)/2)/((-4)/48) is divided by 7.
5
Let w(f) = f**3 - 7*f + 7*f**2 + 1 - 3*f**2 + 0. Let b(a) = -a - 10. Let l be b(-5). What is the remainder when w(l) is divided by 4?
3
Calculate the remainder when 54 is divided by (380/(-40))/((-2)/4).
16
Let w = 128 + -59. What is the remainder when w is divided by 14?
13
Let x(c) = 2*c**2 - 24*c + 13. Calculate the remainder when 49 is divided by x(12).
10
Suppose -z = 3*s + z - 8, -5 = -3*s + z. Suppose -42 = -s*a - a. Calculate the remainder when 25 is divided by a.
11
Calculate the remainder when 58 is divided by (-4)/6*(-35 - -11).
10
Let t(j) = j**2 - 7*j + 4 + 0*j + 10. Calculate the remainder when t(10) is divided by 15.
14
What is the remainder when 10*(5 + 3 - -4) is divided by 35?
15
What is the remainder when (46/8 + -3)*24 is divided by 23?
20
Let y = 64 + -57. Calculate the remainder when 23 is divided by y.
2
Let i(l) be the first derivative of -l**4/4 - 10*l**3/3 + 5*l**2 + 7*l + 1. Calculate the remainder when 52 is divided by i(-11).
16
Suppose 2 = n + 5*j, 0 = n - 4*j + 52 - 18. Let o = n - -39. Calculate the remainder when o is divided by 11.
10
Let t = -18 - 5. Let b = t + 32. Let s = -2 + 19. Calculate the remainder when s is divided by b.
8
Let h(i) = i**3 + 4*i**2 - i - 3. Let t be h(-4). Let p(o) = 15*o + 1. Suppose 3*k - 305 = -2*k. What is the remainder when k is divided by p(t)?
13
Let t(r) = -2*r**2 + 2*r. Let n be t(2). Let p be 15/(-10)*n/3. Suppose p*w - 66 = -14. What is the remainder when w is divided by 14?
12
Let t = -6 + 11. Suppose o + 2*o - t*i - 139 = 0, 0 = 2*i + 10. Calculate the remainder when o is divided by 13.
12
Suppose -4*c - 120 = -8*c. Let w = c - 17. Suppose 2*u = 9 + w. What is the remainder when u is divided by 4?
3
Let h(y) = 10*y**2 - 2*y. Let p be h(2). Let f = p - 20. Let j = 74 - 44. Calculate the remainder when j is divided by f.
14
Suppose 2*h - 3*k = -8 + 21, -3*k = -5*h + 19. Suppose 0 = h*n + 3*v - 16, -5*v + 28 = 3*n + n. What is the remainder when n is divided by -1*(1 + -3)*1?
0
Calculate the remainder when 54 is divided by 3/(-6) - (-23)/2.
10
Let t = 11 + 15. Suppose 5*x - 105 = 5*w, -4*w + t = 5